 - 6*b**2 + 2. Suppose 231*g - 6 = 232*g. Calculate y(g).
2
Let q(k) be the second derivative of k**5/20 + 5*k**4/6 + 3*k**3/2 - 5*k**2 - 2*k + 295. Give q(-9).
-10
Let k = 40 - 43. Let i be 0*2/6*k. Let s(w) = -w**2 - w - 10. What is s(i)?
-10
Suppose -12*z - 8*z + 5*z = 0. Let j(p) = -p + 2*p + 0*p + p**3 - 2*p - 7. Give j(z).
-7
Let c(p) = -6*p - 37. Let s(w) = 2*w + 12. Let g(f) = -2*c(f) - 7*s(f). Calculate g(-4).
-2
Suppose u + 2*o = -4, u + 6*o = 2*o - 2. Let k(t) = -4*t - 22. Calculate k(u).
2
Let g(j) = j**3 + 5. Let z = -68 + 69. Let t be (z - 1)/(10 - 13). Determine g(t).
5
Let a(j) = -2*j**2 - j - 2. Suppose -5*f - 18 + 8 = 0. Give a(f).
-8
Let u(b) = b**2 + 10*b - 7. Let a(w) = w**2 + 18*w - 12. Let q(r) = -6*a(r) + 10*u(r). What is q(3)?
14
Let n(x) be the third derivative of -x**6/360 + x**5/24 + 7*x**4/6 - 2*x**2. Let a(t) be the second derivative of n(t). Give a(7).
-9
Suppose -3*r - 81 = -93. Let n(j) = 10 + r + 6 - 8 + j. Determine n(-6).
6
Let h(x) = -x - 3. Suppose 0 = -11*l + 6*l + 105. Suppose 8*t - l + 85 = 0. What is h(t)?
5
Let g(x) = -6 + 20 - 3 - x - 1. Let j be 3/((-8)/20 - -1). Calculate g(j).
5
Let m(n) = -4*n**2 - 2*n + 1. Suppose t = -5*b - 4 + 6, 4*b = 2*t + 10. What is m(b)?
-5
Let m(h) = h - 16. Let z(u) = -u**3 + 6*u**2 + 36*u - 170. Let w be z(4). Determine m(w).
-10
Let x be 4*((-357)/(-12))/7. Let r = x + -17. Suppose -p + r*t - 23 = -5*t, -3*p - 2*t - 1 = 0. Let i(c) = -c + 3. Calculate i(p).
6
Let a(n) = 9*n - 6. Let t(m) = 4*m**2 + 31*m - 1. Let z be t(-8). Determine a(z).
57
Let k(b) = b - 1. Let v(s) = -8*s + 13. Let l(t) = 6*k(t) + v(t). Let g = 14 - 2. Let d = g + -7. What is l(d)?
-3
Let i(w) = -2*w + 4. Let x be 14/2 - (-12)/((-18)/6). What is i(x)?
-2
Let b(h) = -h - 1. Let f(t) = t**2 - 4*t - 1. Let p(z) = -2*b(z) + f(z). Let y(c) = c**2 + 19*c + 92. Let w be y(-10). Give p(w).
1
Let q(y) = -12*y**2 - 3*y - 3. Suppose p + 4*b = -2*p - 19, 0 = 3*p + b + 16. Let m(g) = 24*g**2 + 5*g + 5. Let j(d) = p*q(d) - 3*m(d). Give j(1).
-12
Let p(y) be the first derivative of -34 - y**2 + 2/3*y**3 - 3*y - 3/4*y**4. What is p(-2)?
33
Let v(p) = 6*p**2 + p - 4. Let c(o) = 5*o**2 - 3. Let x(s) = -4*c(s) + 3*v(s). Suppose 6 = a + 4. Suppose -f = -a - 0. What is x(f)?
-2
Suppose 4*q + 36*q = 120. Let i(x) be the first derivative of -3*x - 5/2*x**2 - 8 - x**q. Calculate i(-3).
-15
Let s(r) = -r**3 - 5*r**2 + 5*r - 1. Let j be (-10)/8*(8 - 20). Suppose 0 = -3*i - j - 3. What is s(i)?
5
Let k(y) = -y**3 + 3*y - 1. Let l = -25 - -11. Let m be ((-16)/28)/(4/l). Calculate k(m).
-3
Let q(s) = 1. Let a(x) = -x**2 + 2*x + 1. Let p = -76 - -75. Let d(h) = -h**3 - 5*h**2 - 6*h - 6. Let c be d(-4). Let i(m) = c*q(m) + p*a(m). Calculate i(5).
16
Suppose 0 = -n + 5, -4*c + 3*c = n - 4. Let t(y) = -49*y**2 - 1. Give t(c).
-50
Suppose 112 = 254*b - 268*b. Let r(x) = -2*x - 1. Determine r(b).
15
Let l(i) = -6*i**3 - i**2 - 2*i - 3. Let r(q) = -14*q**2 - 281*q - 22. Let p be r(-20). Calculate l(p).
45
Let h(u) = -2*u**2 + 2*u + 2. Let g = -35 - -37. Let q be h(g). Let y(p) = 20*p + 17. Let i(c) = -7*c - 6. Let w(f) = -17*i(f) - 6*y(f). Determine w(q).
2
Let m(u) = -2*u - 39. Let t be 27360/(-1254) - 2/11. Determine m(t).
5
Let s(o) be the first derivative of -o**4/12 + 3*o**3/2 - 3*o**2/2 + 35*o + 14. Let f(n) be the first derivative of s(n). What is f(9)?
-3
Let b = 158 + -154. Let a = -4 + 0. Let y(h) = -h**2 + 6*h + 2. Let l(p) = -p**2 + 5*p + 2. Let z(s) = a*l(s) + 3*y(s). Determine z(b).
6
Let u(l) = -l - 2. Let w(r) = 4*r + 3. Let s(c) = 7*u(c) + 5*w(c). Suppose -11 = f - 5*b, 0*b - 9 = f - 4*b. Calculate s(f).
-12
Let x(n) = -39 + 80 - 42 - 5*n**2 + 10*n + n**2. Let z(u) = u**2 - u - 1. Let k(r) = x(r) + 3*z(r). Calculate k(5).
6
Let y(u) = 2*u - 3*u**2 + 2*u**2 - 107 + u + 9*u + 99. Determine y(11).
3
Let j be 242/8 - ((-4)/(-16) + -1). Let w = -29 + j. Let z(f) be the third derivative of -f**6/60 + f**5/30 + f**4/24 - f**3/6 + f**2. Give z(w).
-7
Let g(i) be the third derivative of 0*i + 10*i**2 - 1/20*i**5 + 0 - 1/24*i**4 - 1/120*i**6 + 1/3*i**3. What is g(-2)?
0
Let p(j) = -2*j - 10. Let a = -156 + 147. Give p(a).
8
Let i be ((-6)/4)/((-9)/4). Let t(p) be the first derivative of 4 + 0*p - p**2 + i*p**3 + 1/4*p**4. What is t(-3)?
-3
Let t(p) = 4*p**2 - 29*p + 43. Let u(y) = 3*y**2 - 20*y + 29. Let s(c) = 5*t(c) - 7*u(c). Determine s(-6).
6
Let d(b) be the third derivative of 0*b + 1/6*b**3 + 0 + 1/15*b**5 + 0*b**4 - 40*b**2. What is d(-1)?
5
Let b(f) = 6*f**3 + f**2. Let q be b(-1). Let a(g) = g**3 + 2 + 5*g + 3 + 7*g**2 + 3*g. Determine a(q).
15
Suppose u - 11*u = 0. Let f(y) = -y + y**2 + 0*y**2 + 1 - 8. What is f(u)?
-7
Let g(j) be the first derivative of j**3/3 + j**2 - 13*j + 294. Calculate g(0).
-13
Let t be (3 + 6*-1)*4/3. Let u(b) = -3*b + 1. Let g(a) = -a - 1. Let p(z) = t*g(z) + u(z). What is p(0)?
5
Let g(k) = 2*k - 9. Let c be g(6). Suppose c*q = 8*q + 95. Let r = q + 17. Let t(u) = -3*u**3 - 2*u**2 + u - 1. Calculate t(r).
13
Suppose 0 = -o - 3*y + 15, -12*y + 9*y = -4*o. Let h(k) = -k - 11. Give h(o).
-14
Let n = 8 + -5. Let u(f) = -f + 8. Let l be u(5). Let s(k) = -49*k**3 - k**2 + 3 - 42*k**3 - 5*k + 92*k**l. Determine s(n).
6
Let v(p) = p - 3. Let n(k) = -5*k + 62. Let r be n(11). Suppose -5*x + 8 = -r*x. What is v(x)?
-7
Let o(y) be the third derivative of -y**5/60 + 5*y**4/24 - y**3/3 - 170*y**2. Give o(3).
4
Let d = 79 + -79. Let q be 12 - (d - -5) - 1. Let k(o) = o**3 - 6*o**2 - o. Give k(q).
-6
Suppose 27 = 2*v - 5*z, 0 = -2*v + z - 3 + 18. Let a(b) = 8*b - 3. Let x(w) = 4 - w + 2*w - 2*w - 6*w. Let g(o) = -5*a(o) - 6*x(o). Give g(v).
3
Let v(k) = -k**2 + 12*k - 14. Let c be (-729)/(-63) - (-2 + (-33)/(-21)). Determine v(c).
-14
Let f = 100 - 91. Let z(r) = -r**3 + 10*r**2 - 8*r + 9. Calculate z(f).
18
Let h(v) be the second derivative of -4*v**2 + 1/12*v**4 - 11/6*v**3 + 0 - 26*v. Calculate h(11).
-8
Suppose -4*k + 2*o - 4*o + 120 = 0, 5*k - 3*o = 172. Let m = k - 38. Let n(u) = u**2 + 3*u - 7. Give n(m).
11
Let u(s) = -5*s**3 + 5*s**2 + 3*s - 9. Let z(n) = -n**2 - n + 2. Let b(w) = -u(w) - 4*z(w). Calculate b(-1).
-6
Let z(b) = b - 4. Let r be z(7). Let n(f) = 1 + 6*f - 7*f - r. Determine n(2).
-4
Suppose 6*h - h - 15 = 0. Let a(b) = -3*b - 4. Let d(c) = 8 - 10 - 16*c - 19. Let r(w) = 11*a(w) - 2*d(w). Calculate r(h).
-5
Let o(a) be the third derivative of a**5/60 - a**4/24 - 11*a**3/6 + 12*a**2. Let r(i) be the first derivative of o(i). Calculate r(-1).
-3
Suppose 3*c + 1 - 4 = 0. Suppose 2*n - c + 3 = 0. Let z be 3/2 + n/2. Let o(v) = 2*v**2. Calculate o(z).
2
Let f(g) = -23*g - 4. Let n(u) = -27*u - 4. Let i(a) = -7*f(a) + 6*n(a). Determine i(17).
-13
Let z be ((-10)/(-12))/(8/(42 + 6)). Let r(p) = p - 11. Determine r(z).
-6
Suppose 45*p - 10 = 40*p. Let q(d) = 8*d + d**2 + 7 + 3*d - 3*d - p*d. Suppose -3 = 3*u + 15. Give q(u).
7
Suppose -2*l + u + 3*u = -26, 0 = 5*l - 2*u - 25. Let f(x) = 1 - 5 - 5*x + 1 + l*x**2 - 4*x**2. Give f(-4).
1
Let c(v) be the second derivative of -v**6/120 - v**5/20 - v**4/12 - v**3/6 + 12*v**2 + 17*v. Let w(x) be the first derivative of c(x). What is w(-4)?
23
Let k(w) = w - 7. Let j(n) = 4*n - 5 - 7*n**2 - 2*n**2 + n**3 - 13*n. Let l be j(10). Suppose -l*p = -3*q - 5, -4*q + 2*p + 8 + 4 = 0. Give k(q).
-2
Let j be (-1)/(-2) - 3/(-2). Let q = j - 0. Let v be (0/(-7))/(8/q). Let d(s) = s + 5. Give d(v).
5
Let h(z) = z**3 + 5*z**2 + 2*z + 9 - 7 - 9*z**2 + 0*z. Determine h(2).
-2
Let w(u) = 2*u - 8. Let k = 32 - 28. Let h be w(k). Let g(q) be the second derivative of -q**3/6 - q**2/2 - 12*q. Calculate g(h).
-1
Let b(t) = t**3 + 6*t**3 - 7*t + 5 + 2 - 8*t**3 - 7*t**2. What is b(-6)?
13
Let z(l) = l**3 + l**2 + l - 8. Let h(q) = 2*q**3 + 3*q**2 + q - 15. Let x(r) = 3*h(r) - 5*z(r). Suppose -4*f - f = -2*a - 8, 0 = 4*f. Calculate x(a).
3
Suppose -7*y - 4 = -11. Let h(z) = -5*z - 3. Let x(m) = -1. Let j(w) = y*h(w) - 4*x(w). Determine j(1).
-4
Let q(n) = -n**3 + 6*n**2 - n + 2. Suppose 0 = -v + 4*v + 4*d - 94, -4*v + 2*d = -96. Let u = 46 - v. Let l = 26 - u. Determine q(l).
-4
Suppose -67*i = 184 + 553. Let p(o) = o**2 + 13*o + 27. Calculate p(i).
5
Suppose -9*m = -5*m - 36. Suppose 3*g + 0*g = m. Suppose -1 - 8 = -g*o. Let k(c) = c**3 - 2*c**2 - 3*c. Calculate k(o